ivisor of 39 and 26.
13
What is the highest common factor of 160 and 32?
32
What is the highest common divisor of 24 and 96?
24
What is the greatest common divisor of 736 and 92?
92
Calculate the highest common factor of 207 and 161.
23
Calculate the greatest common factor of 572 and 104.
52
What is the greatest common divisor of 18 and 1089?
9
Calculate the highest common divisor of 246 and 12.
6
What is the greatest common divisor of 1 and 13?
1
What is the greatest common factor of 28 and 2779?
7
What is the greatest common factor of 1162 and 70?
14
Calculate the greatest common factor of 86 and 1978.
86
Calculate the highest common factor of 4042 and 86.
86
Calculate the greatest common divisor of 16956 and 36.
36
What is the greatest common divisor of 4757 and 213?
71
Calculate the highest common factor of 171 and 27.
9
Calculate the greatest common divisor of 12 and 128.
4
What is the greatest common divisor of 7 and 13?
1
What is the greatest common factor of 2279 and 106?
53
Calculate the highest common factor of 413 and 767.
59
Calculate the greatest common factor of 620 and 155.
155
Calculate the greatest common factor of 26 and 533.
13
Calculate the highest common factor of 14464 and 678.
226
What is the greatest common divisor of 47 and 517?
47
Calculate the greatest common factor of 36818 and 82.
82
Calculate the greatest common factor of 5022 and 54.
54
Calculate the highest common divisor of 437 and 23.
23
Calculate the highest common factor of 132 and 96.
12
What is the highest common divisor of 200 and 24?
8
Calculate the highest common factor of 2448 and 144.
144
Calculate the highest common factor of 188 and 282.
94
Calculate the highest common divisor of 370 and 13875.
185
Calculate the greatest common divisor of 75 and 240.
15
What is the highest common factor of 1788 and 5811?
447
What is the highest common factor of 651 and 248?
31
What is the highest common factor of 70 and 385?
35
What is the greatest common factor of 171 and 63?
9
What is the highest common factor of 488 and 8?
8
What is the greatest common divisor of 20 and 195?
5
Calculate the highest common factor of 11 and 121.
11
Calculate the greatest common factor of 144 and 450.
18
Calculate the highest common factor of 2 and 722.
2
Calculate the highest common factor of 6259 and 143.
11
What is the highest common divisor of 169 and 78?
13
Calculate the highest common divisor of 114 and 722.
38
Calculate the highest common divisor of 7 and 791.
7
Calculate the greatest common divisor of 17 and 3791.
17
Calculate the highest common factor of 10192 and 1040.
208
What is the highest common divisor of 20 and 1420?
20
What is the greatest common divisor of 1312 and 32?
32
What is the greatest common factor of 27 and 53?
1
Calculate the greatest common divisor of 444 and 16.
4
Calculate the highest common divisor of 904 and 8.
8
Calculate the greatest common divisor of 48 and 4.
4
What is the greatest common divisor of 1209 and 39?
39
Calculate the highest common divisor of 14 and 378.
14
What is the greatest common divisor of 24 and 944?
8
What is the greatest common divisor of 44 and 154?
22
Calculate the highest common factor of 24853 and 58.
29
What is the greatest common factor of 220 and 1485?
55
What is the highest common factor of 14 and 19?
1
Calculate the greatest common divisor of 45 and 360.
45
Calculate the highest common divisor of 954 and 530.
106
What is the greatest common factor of 1015 and 5?
5
What is the greatest common factor of 23 and 92?
23
What is the highest common factor of 33 and 1320?
33
What is the highest common factor of 176 and 320?
16
Calculate the highest common divisor of 5 and 65.
5
Calculate the greatest common divisor of 1958 and 44.
22
What is the highest common factor of 1810 and 70?
10
What is the highest common divisor of 10 and 162?
2
Calculate the greatest common divisor of 1010 and 10.
10
What is the greatest common divisor of 12998 and 402?
134
Calculate the highest common divisor of 105 and 45.
15
Calculate the highest common divisor of 93 and 124.
31
Calculate the greatest common factor of 1233 and 45.
9
Calculate the greatest common factor of 9 and 9.
9
What is the greatest common divisor of 4 and 316?
4
What is the greatest common divisor of 16 and 16?
16
What is the greatest common factor of 128 and 26944?
64
Calculate the greatest common factor of 1431 and 2727.
27
Calculate the highest common factor of 3626 and 98.
98
What is the highest common divisor of 189 and 14?
7
Calculate the highest common divisor of 72 and 2056.
8
What is the greatest common divisor of 69 and 516?
3
Calculate the highest common divisor of 4 and 1716.
4
What is the greatest common factor of 1022 and 730?
146
What is the highest common divisor of 1168 and 73?
73
Calculate the highest common divisor of 58 and 2842.
58
Calculate the greatest common factor of 97 and 57909.
97
What is the highest common factor of 184 and 69?
23
Calculate the greatest common factor of 7 and 189.
7
What is the greatest common factor of 6893 and 244?
61
What is the highest common divisor of 209 and 264?
11
Calculate the highest common divisor of 35 and 55.
5
Calculate the highest common divisor of 179 and 17.
1
Calculate the highest common divisor of 34 and 146.
2
What is the highest common divisor of 56 and 1288?
56
Calculate the greatest common factor of 5123 and 436.
109
Calculate the greatest common factor of 11080 and 40.
40
What is the highest common divisor of 15 and 1905?
15
Calculate the highest common factor of 468 and 572.
52
Calculate the greatest common factor of 73 and 1.
1
Calculate the highest common factor of 816 and 17.
17
Calculate the highest common divisor of 49 and 1.
1
Calculate the greatest common factor of 49 and 1568.
49
Calculate the highest common divisor of 16 and 128.
16
What is the greatest common divisor of 10 and 430?
10
Calculate the highest common factor of 9 and 4266.
9
Calculate the highest common factor of 3 and 1149.
3
Calculate the greatest common divisor of 612 and 18666.
306
Calculate the greatest common divisor of 42 and 1659.
21
Calculate the highest common factor of 808 and 8.
8
What is the highest common factor of 28 and 868?
28
What is the greatest common factor of 668 and 8?
4
Calculate the highest common divisor of 1218 and 147.
21
What is the greatest common divisor of 51 and 102?
51
What is the highest common divisor of 1081 and 23?
23
What is the greatest common divisor of 12 and 4668?
12
What is the highest common factor of 33 and 411?
3
Calculate the highest common divisor of 518 and 1406.
74
Calculate the highest common divisor of 1168 and 1314.
146
What is the highest common factor of 119 and 34?
17
Calculate the highest common factor of 4433 and 715.
143
Calculate the greatest common factor of 23 and 2944.
23
Calculate the highest common factor of 495 and 1287.
99
Calculate the greatest common factor of 17 and 85.
17
What is the greatest common divisor of 296 and 222?
74
Calculate the highest common divisor of 3707 and 132.
11
Calculate the highest common divisor of 135 and 918.
27
Calculate the greatest common divisor of 187 and 385.
11
What is the greatest common factor of 323 and 19?
19
Calculate the greatest common divisor of 5644 and 68.
68
What is the highest common divisor of 364 and 70?
14
Calculate the highest common divisor of 1378 and 416.
26
Calculate the greatest common factor of 92 and 230.
46
What is the highest common divisor of 12 and 32?
4
Calculate the highest common factor of 420 and 21.
21
Calculate the greatest common factor of 59969 and 91.
91
Calculate the greatest common factor of 2 and 4.
2
Calculate the highest common divisor of 206 and 2.
2
Calculate the highest common divisor of 42 and 2058.
42
What is the highest common factor of 33 and 129?
3
Calculate the highest common factor of 22 and 5258.
22
Calculate the greatest common divisor of 728 and 1064.
56
Calculate the highest common divisor of 1548 and 36.
36
What is the greatest common divisor of 316 and 79?
79
What is the greatest common divisor of 54 and 1242?
54
Calculate the greatest common factor of 129 and 3.
3
Calculate the highest common factor of 288 and 928.
32
What is the highest common divisor of 2732 and 3?
1